0
In base 11, what is 5 - -13702a69?
13702a73
In base 6, what is 131 - -24042033?
24042204
In base 7, what is 114340 - 1223?
113114
In base 15, what is -24ca16 - -66?
-24c9a0
In base 2, what is -1011100110010 + -111111100?
-1100100101110
In base 2, what is -1100111010100001100010011 - 100?
-1100111010100001100010111
In base 9, what is -34 + -23245?
-23280
In base 9, what is 17542008 + 3?
17542012
In base 15, what is -3 + 1ae049c?
1ae0499
In base 4, what is -301132132110 + 20?
-301132132030
In base 7, what is -5656 - -3141543?
3132554
In base 3, what is -2120012212110020 + -2?
-2120012212110022
In base 11, what is -3a03253 + -7?
-3a0325a
In base 9, what is 453 - 4474?
-4021
In base 3, what is -221011 + -10200001?
-11121012
In base 14, what is -18a6b + 63?
-18a08
In base 16, what is 136108 - -c7?
1361cf
In base 14, what is -26b446 - 46?
-26b48c
In base 15, what is 6 - -714b44?
714b4a
In base 5, what is -3102441311002 - -4?
-3102441310443
In base 5, what is 310313212334 - -10?
310313212344
In base 8, what is -1 - -11043413?
11043412
In base 2, what is -11000010100111010100 + 10111010?
-11000010100100011010
In base 9, what is 242 + -37336?
-37084
In base 3, what is -1121122222 - -21220022?
-1022202200
In base 12, what is 45b98 + 612?
465aa
In base 12, what is -5 - 17920242?
-17920247
In base 2, what is -1 - 11000100010100101010111101?
-11000100010100101010111110
In base 16, what is -7a152b3 + 1?
-7a152b2
In base 4, what is -302122230 + -2310?
-302131200
In base 7, what is -142 + 12063204?
12063032
In base 11, what is -7 + -11985a36?
-11985a42
In base 2, what is -100000010000000111 + 101100010?
-100000001010100101
In base 9, what is 1455 - 12608?
-11143
In base 16, what is -3614 + a80?
-2b94
In base 6, what is -1230134352 + 5?
-1230134343
In base 13, what is 0 - 417371?
-417371
In base 6, what is -315143 - 10?
-315153
In base 10, what is -626872 + 76?
-626796
In base 16, what is -2b8 - -38c8?
3610
In base 7, what is 2014335 + 115?
2014453
In base 14, what is 6519318 + 3?
651931b
In base 12, what is b8 - -100a311?
100a409
In base 16, what is 756e6 + -5d?
75689
In base 11, what is 11972a26 + 5?
11972a30
In base 12, what is -72 - 65619?
-6568b
In base 11, what is 2196 - 6471?
-4286
In base 16, what is 827a51 + -17?
827a3a
In base 16, what is -41e - -1737a?
16f5c
In base 15, what is -2b1cd + 3a?
-2b193
In base 3, what is -12100201100102 - -1?
-12100201100101
In base 4, what is -1131322102223 + 0?
-1131322102223
In base 10, what is 1067764 - -15?
1067779
In base 7, what is -3 - -3032361136?
3032361133
In base 13, what is 3 - -551b2c?
551b32
In base 4, what is 12 + 323021012?
323021030
In base 12, what is a6 + 15692?
15778
In base 14, what is -13c567a + -2?
-13c567c
In base 9, what is -523 - 18435?
-20058
In base 7, what is 656003360 + 3?
656003363
In base 13, what is -11a7ab + 4?
-11a7a7
In base 6, what is 10 - 3052142254?
-3052142244
In base 10, what is 9463 + 5935?
15398
In base 16, what is -697744 - 26?
-69776a
In base 8, what is -436671443 - -1?
-436671442
In base 13, what is a003 + -1348?
8988
In base 8, what is -12 + -145250522?
-145250534
In base 6, what is -250505001 + -2?
-250505003
In base 6, what is 143440 - 240?
143200
In base 12, what is 91a73398 - -3?
91a7339b
In base 14, what is 3573b - 597?
35184
In base 14, what is 2 + -37d4d78?
-37d4d76
In base 7, what is 12143 - -6143?
21316
In base 6, what is 50 + -51121212?
-51121122
In base 8, what is 34 - -15102155?
15102211
In base 4, what is -31 + 100312111?
100312020
In base 8, what is -11212441 + -115?
-11212556
In base 10, what is 6840936 - 2?
6840934
In base 13, what is -1485157 - -1?
-1485156
In base 8, what is 14276 + -632?
13444
In base 14, what is 15d5 - -2a0?
1895
In base 6, what is -501 - 134400?
-135301
In base 3, what is -2020 - 1220002100?
-1220011120
In base 10, what is -4783079 + 12?
-4783067
In base 11, what is 38 - -a0765?
a07a2
In base 16, what is -2bc1dd + 1c?
-2bc1c1
In base 11, what is 352717 - 49?
352679
In base 11, what is 5325a2a40 + 1?
5325a2a41
In base 4, what is 12111222321010 - 10?
12111222321000
In base 13, what is 345c506 - 8?
345c4cb
In base 3, what is 11210 - -1201101222?
1201120202
In base 11, what is -973229 + -48?
-973276
In base 8, what is -105 - 55462?
-55567
In base 11, what is -734 + -68951?
-69585
In base 13, what is -3 - 38b56a1?
-38b56a4
In base 9, what is 32378 - 7740?
23538
In base 12, what is 1143174 - 28?
1143148
In base 16, what is 3 + 2fe8df?
2fe8e2
In base 8, what is -3245125 + 4?
-3245121
In base 11, what is -34 + -194?
-218
In base 10, what is 19554 + -58878?
-39324
In base 15, what is 0 - -6a4beb?
6a4beb
In base 7, what is -540 + -26046024?
-26046564
In base 11, what is -10 - 30475?
-30485
In base 7, what is -5 + 123154245?
123154240
In base 14, what is -151a + 1339?
-1c1
In base 14, what is -388b + 2621?
-126a
In base 14, what is 729c4d - 98?
729b95
In base 6, what is -2 + -1002421343?
-1002421345
In base 4, what is 12200 + 122232?
201032
In base 4, what is 222113 + 1132103?
2020222
In base 8, what is -3413 - -2025?
-1366
In base 3, what is 220121 + 1202101?
2122222
In base 6, what is 20201 - 20255?
-54
In base 10, what is -15587 + -15613?
-31200
In base 16, what is -e9a3c - -7?
-e9a35
In base 4, what is -203 - -22112202?
22111333
In base 4, what is -221021 - -20231012?
20003331
In base 8, what is 315 - 563250?
-562733
In base 8, what is 57 - -10443?
10522
In base 5, what is -3114111 - 424?
-3120040
In base 11, what is -37789148 + -4?
-37789151
In base 3, what is -12 - -101111102022110202?
101111102022110120
In base 14, what is -34a98d - 5?
-34a994
In base 3, what is -10111121022 - -210112211?
-2201001111
In base 10, what is -1128147750 - -1?
-1128147749
In base 7, what is -2 + 122664255?
122664253
In base 11, what is 247a0 - 452?
24349
In base 16, what is 41072 + -e8?
40f8a
In base 13, what is 2 + 9aa9385?
9aa9387
In base 9, what is 62 + 132525?
132587
In base 10, what is -4 + -1207212?
-1207216
In base 9, what is 226320 + 107?
226427
In base 7, what is -36 - 53642563?
-53642632
In base 16, what is 5 - -1dca9e?
1dcaa3
In base 2, what is 1011010001100110110101 - -110001?
1011010001100111100110
In base 4, what is 13023233133 - -11?
13023233210
In base 14, what is -5 + -a373d2?
-a373d7
In base 13, what is -9449 - 32a5?
-c721
In base 10, what is -21650 - -731?
-20919
In base 13, what is 1044a51a - 2?
1044a518
In base 4, what is -101333020 + 11132?
-101321222
In base 6, what is -53143 + -30000?
-123143
In base 16, what is -5 - -1f8d12?
1f8d0d
In base 6, what is -55424 + -13155?
-113023
In base 2, what is 11 + -111000011100000110101?
-111000011100000110010
In base 13, what is 19 - 1298a98?
-1298a7c
In base 16, what is -1398a90 - 3?
-1398a93
In base 2, what is 10 - -111000011101000011110?
111000011101000100000
In base 14, what is -96053 - -2d?
-96024
In base 10, what is -5219674 - 5?
-5219679
In base 2, what is -1110000010000010 + 101?
-1110000001111101
In base 13, what is 4 + 3788735?
3788739
In base 8, what is -6432535455 + -4?
-6432535461
In base 7, what is 4 - -3315661131?
3315661135
In base 10, what is -12192173 - 0?
-12192173
In base 2, what is -100 - -101000100100100001011000?
101000100100100001010100
In base 15, what is -88e8 - -2c?
-88bb
In base 16, what is -7 - 21d37?
-21d3e
In base 13, what is 4b4683 + -17?
4b4669
In base 16, what is 1 - -6fbb4e?
6fbb4f
In base 12, what is 31321094 + 4?
31321098
In base 12, what is 13711 - 355?
13378
In base 9, what is -88 + 4764573?
4764474
In base 7, what is -1 + 604244302?
604244301
In base 14, what is 5 + -109c6bb7?
-109c6bb2
In base 3, what is -222111012120 + 211111?
-222110101002
In base 8, what is -30326 + 22147?
-6157
In base 9, what is -171 + -106216?
-106387
In base 9, what is 0 + 1440006?
1440006
In base 8, what is 5 + -1113656576?
-1113656571
In base 4, what is 2010 + -11101100112?
-11101032102
In base 7, what is -44161225 - -3?
-44161222
In base 2, what is -1110111101110 + -111011100100101?
-1001010100010011
In base 13, what is 4 - -18ba59c8?
18ba59cc
In base 11, what is 1a8683 - 47?
1a8637
In base 8, what is -4 + 4675110?
4675104
In base 9, what is 28 - 712522?
-712483
In base 9, what is -34 + 138624?
138580
In base 7, what is 25503102 + -144?
25502625
In base 11, what is 3391 - 1077?
2